. Let y be ((-15)/20)/(h/(-8)). Suppose 0 = n - y*u - 5, 4*n + 4 - 40 = 4*u. What is the tens digit of n?
1
Suppose 4*f - y - 27 = 0, -3*f - 4*y + 4 + 2 = 0. Suppose 4*u - 191 = 5*v, -3*u - 5*v - 137 = -f*u. What is the tens digit of u?
5
Let h be (-14)/(-4) + 2/(-4). Suppose 3*o + a = 162 + 142, -h*o - 5*a = -320. What is the hundreds digit of o?
1
Suppose t + 1 = -1, 42 = 5*p + 4*t. Let b(m) = -m**3 + 14*m**2 - 12*m - 20. What is the tens digit of b(p)?
6
Suppose -u - 5*q - 140 + 2388 = 0, 0 = -2*u - 3*q + 4489. What is the tens digit of u?
4
Let v be 2/(-3)*(-1 + -5). Let f = 14 - v. Let w = f + 0. What is the tens digit of w?
1
Let u(d) be the second derivative of d**5/20 + 7*d**4/12 - 2*d**3/3 - 4*d**2 - 10*d. Let s be u(-5). Suppose 4*c = 6*c - s. What is the units digit of c?
1
Let f(w) = w**3 - 12*w**2 + 13*w. Let q be f(10). Let o = 105 + q. What is the units digit of o?
5
Suppose 0 = 2*t - 3*s - 9, 2*t - 2*s + 4 = 12. Suppose -j = -2*h, -2*j - t*j = h + 22. What is the units digit of (j + 3)/(1/(-34))?
4
Let u = 238 - 199. What is the units digit of u?
9
Let z = -33 + 211. Let d = z - 116. What is the units digit of d?
2
Suppose 2*t - 18 = 2. What is the tens digit of t?
1
Let n be (-4)/14 + (-711)/(-63). Let p = 29 - n. What is the tens digit of p?
1
Let i be (-3)/(-9) + (-1)/3. Suppose i = b - 6*b - 180. What is the tens digit of (-762)/b - 1/6?
2
Let q be 2/(-6) - 2/(-6). Suppose -2*x + 0*x + 236 = q. What is the tens digit of x?
1
Let z be 8 - -6*1/(-2). Suppose -z*l = 5*r - 5, 4*l + 4 = r - 12. What is the units digit of (-32)/(-2) + (2 - r)?
4
Suppose 8*q - 3*q = -995. Let f = 9 - q. What is the hundreds digit of f?
2
Let c(z) = -3*z**2 + 239*z - 94. What is the thousands digit of c(62)?
3
Let l(s) = -87*s + 4. Let a be l(-1). Suppose 0 = -k - 4*b + 92, k + 4*b = -b + a. What is the tens digit of k?
9
Let g be 0 + 4 + -3 + -37. Let k = -26 - g. Suppose 5*v - 10 = k. What is the units digit of v?
4
Suppose -2*q + 4*s - 220 = 0, s - 162 = -2*q - 407. What is the units digit of (q/(-18))/(2/18)?
0
Suppose -18 = -3*c - 2*d, 0*d - 7 = -c - d. Suppose 3*l = 5*r + 102, 0*r - c*r + 17 = l. What is the tens digit of l?
2
Let w(t) = -6*t**3 - 4*t**2 + 9*t + 8. Let u be w(-6). Suppose l - 4859 = -5*s + 575, -5*l + u = s. What is the units digit of (-8)/36 + s/27?
0
Let l = -183 - -340. Let z = 398 - l. What is the tens digit of z?
4
Let g be 6/(-4)*1*-2. Let h be (-2472)/(-1133) + (2/11)/(-1). What is the units digit of g/h - 11/(-2)?
7
Suppose -25 + 0 = 5*j, -5*b - 2*j + 2860 = 0. Suppose -o + 4*g = -5*o + 456, -g + b = 5*o. What is the hundreds digit of o?
1
Let p = -1 - 6. Let j be (-130)/5 - 2/1. What is the units digit of j/20*(2 + p)?
7
Let b = -1289 + 2207. What is the tens digit of b?
1
Suppose 3*h - 9 = 0, 3*l + l + 2*h = 758. What is the tens digit of l?
8
Suppose 2*v = -5*w - 2044, -v + 3*v = -2*w - 820. Let j = -141 - w. What is the tens digit of j?
6
Let v = 1207 + -790. What is the tens digit of v?
1
Let i(d) = 29*d**2 + 7*d**2 - d**2 + 9*d - 12*d + 1. What is the tens digit of i(1)?
3
Suppose 0 = -39*o + 38*o - 4. What is the tens digit of 1/(-2)*o + 17?
1
Suppose 8*x = 9*x + 1. What is the units digit of (9 - -14)*(1 - x)?
6
Suppose -2*s - 112 - 38 = 0. Let h(y) = 2*y**3 + 4*y**2 - 5*y. Let t be h(-4). Let o = t - s. What is the tens digit of o?
3
Let p(w) be the first derivative of 7*w**2/2 - 2*w + 19. Let k = 10 - 5. What is the tens digit of p(k)?
3
Let u(m) = 79*m - 48. Let j = 72 + -68. What is the units digit of u(j)?
8
Let i(r) = r**2 - 9*r + 7. Let p be i(9). Suppose -20 = 2*a - p*a. Suppose z = -a*z + 175. What is the tens digit of z?
3
Suppose -8*n = -11534 + 2894. What is the units digit of n?
0
Let t(a) = -a**2 + 4*a + 3. Let i be t(4). Suppose 0 = -i*g - 15, 574 = -v + 5*v - 2*g. What is the hundreds digit of v?
1
Suppose -5*w + 3513 = u + 3*u, 2*w = 3*u + 1419. What is the tens digit of ((-14)/35)/((-6)/w)?
4
Suppose -2*h + 9 = 5*x - 8, 2*h + 4*x = 14. Let u = h - -1. Suppose -2*t - 2 = -2*p, -2*t + u = -p + 1. What is the units digit of t?
2
Suppose -5*a + 74 = -111. Let i = -34 + a. What is the units digit of i?
3
Let w be 414/24 - 1/4. Suppose -3*c + 25 = -w. Suppose h - 3 - c = 0. What is the tens digit of h?
1
Let i be (-1)/(2 - (-57)/(-28)). Suppose 31*n = i*n + 237. What is the units digit of n?
9
Let r(l) = 13*l + 6. Let n be r(3). What is the tens digit of 4/4*(-2 + n)?
4
Let d = 2249 + -952. What is the units digit of d?
7
Let d(m) = 18*m + 19. Let h be d(5). Suppose -k + h = -25. What is the units digit of k?
4
Let u(v) be the first derivative of -8 + 0*v**2 + 26/3*v**3 + v. What is the units digit of u(1)?
7
What is the units digit of -5*(4382/(-35) - -7)?
1
Let d = 147 - -169. What is the units digit of d?
6
Suppose -18*g + 10562 + 23638 = 0. What is the hundreds digit of g?
9
What is the thousands digit of (-460)/(-8)*(2 + 336/15)?
1
Let a(r) = 15*r + 13. Let t be a(6). Suppose 3*c = 2*z - 200, -93 = -2*z + 5*c + t. What is the tens digit of z?
0
Let y(h) = -2*h - 9. Let d(f) = 5*f + 28. Let g(o) = -3*d(o) - 8*y(o). Let c(z) = 2*z - 13. Let q(t) = 4*c(t) - 5*g(t). What is the units digit of q(-2)?
2
Let h = -528 - -754. What is the hundreds digit of h?
2
Let v = -266 - -426. What is the hundreds digit of v?
1
Suppose 3*t - 3*d + 252 = 0, 3*t - 2*d = -0*d - 247. What is the units digit of (5 + (-7 - -4))*t/(-2)?
9
Let n = -3460 - -6366. What is the thousands digit of n?
2
Let j(s) = 4*s - 38. Let d be j(8). Suppose 0 + 8 = 4*f. What is the units digit of 24/9 - f/d?
3
Let q be 5/(-20)*2*-3*14. What is the units digit of q/14*41*8/3?
4
Suppose a = 2*a + 10. Let q = a + 1. Let h(n) = n**3 + 9*n**2 - n + 6. What is the units digit of h(q)?
5
Let g(b) = b**2 - 13*b + 17. Let x be g(13). Let z = x + 2. What is the tens digit of z?
1
Suppose 0 = -5*m + 3 - 13, -3*q + 94 = -2*m. Suppose -5*y + 2*y = q. Let c(b) = -4*b - 14. What is the units digit of c(y)?
6
Let h(s) = 18*s**2 - 16*s - 10. What is the tens digit of h(-4)?
4
Suppose 83389 = 28*q + 22797. What is the tens digit of q?
6
Let c = 26 + -15. Suppose -3*u = -3*h - 30, h = -3*u - c - 7. What is the tens digit of 4/16 - 849/h?
7
Let f = -1819 + 4778. What is the units digit of f?
9
Let r(t) = -3*t**3 + t - 2. Let q be r(-2). Suppose z + q = 5*z. Suppose z*s - 3*f - 183 = 0, 2*s = -f - 0*f + 82. What is the tens digit of s?
3
Let m(k) = k**2 + 15*k. Let w be m(-16). Let b(x) = -122*x**3 - 3*x**2 + 2*x + 3. Let n be b(-3). What is the tens digit of ((-2)/(-6))/(w/n)?
6
Let m(j) = -2*j**2 - 5*j - 4. Let a be m(-3). Let k = -5 - a. Suppose 5*x + b = k*x + 31, -5*x = b - 53. What is the tens digit of x?
1
Let r = 3 - -11. What is the units digit of 622/12 - r/(-84)?
2
What is the units digit of (-4 - 96/(-9))*309?
0
Suppose -2*d + 65 = -7*d - 3*c, -4*d - 20 = -4*c. Let w be (-36)/d*400/30. Suppose 0 = 4*q - 5*v - 59, -5*q + 22 + w = -5*v. What is the tens digit of q?
1
Let w be -1 + 15*3/9. Let u(p) = 14*p**2 - 7*p + 18. What is the tens digit of u(w)?
1
Let y(x) be the second derivative of -3*x**3 + 8*x + 4/3*x**4 + 0 + 15/2*x**2 + 1/20*x**5. What is the tens digit of y(-17)?
3
Suppose -5*l - 7420 = -3*c, 3*l + 9773 = 4*c - 113. What is the thousands digit of c?
2
Let p = 324 + -50. Suppose 6*n = 266 + p. What is the tens digit of n?
9
Let s = 4 + -7. What is the tens digit of -2 - -62*s/(-6)?
2
Let r(y) = -y**3 + y**2 - y - 2. Let m be r(3). Let g = 42 + m. Suppose 0 = -0*j + j - g. What is the units digit of j?
9
Let w = 55 + 40. Suppose o - 5*u - w = -2*u, 0 = -2*o - u + 218. What is the tens digit of o?
0
Let a(h) be the first derivative of -7*h**2 - 10*h - 5. What is the units digit of a(-5)?
0
Suppose 0 = -5*k - 0*k + 255. Let d = 113 + -93. What is the units digit of (d/(-15))/((-2)/k)?
4
Suppose -3*d + d - 5*h + 2 = 0, -3*d + 3 = 4*h. What is the units digit of d?
1
Let i(w) = -2*w + 33. Let y be i(5). Suppose -7*r - 2192 = -y*r. What is the units digit of r?
7
Let p(d) = d**3 + d**2 + 0*d**3 + 9*d - 4*d + 1 + 4*d**2. Let g be p(-3). Let m = g - -14. What is the tens digit of m?
1
Let o = 6 - 9. Let m(f) = 2*f**2 - 5*f + 3. Let q(x) = 4*x**2 - 11*x + 7. Let b(p) = 9*m(p) - 4*q(p). What is the units digit of b(o)?
0
Let w be 4 + 4 + -6 - 